der when (-130)/y + (-1)/2 is divided by 17?
15
Let l(n) = -n**3 + 25*n**2 + n - 17. Calculate the remainder when 3/(((-3)/38)/(-1)) is divided by l(25).
6
Suppose 65*k - 64*k - 973 = i, 0 = k + 3*i - 981. Calculate the remainder when k is divided by 956.
19
Suppose -2*m = 4*w - 3 - 1, 0 = -3*w - 4*m - 2. Suppose 2*v + 53 - 8 = 3*j, -w*j + 32 = -2*v. Calculate the remainder when 92 is divided by j.
1
Suppose k + 2 = -3*i - 0, -5*k + i + 54 = 0. Calculate the remainder when (204/k)/(3/10) is divided by 44.
24
Suppose -4*w - 245 = -5*z + 2055, 4*z + 4*w = 1876. Let t = -366 + z. What is the remainder when 289 is divided by t?
93
Let g(h) be the third derivative of 7*h**4/24 - 9*h**3/2 - 9*h**2. Let c be g(6). Suppose -72 = -3*m - c. What is the remainder when m is divided by 8?
3
Suppose 62*m = 64*m + 8. What is the remainder when 61 is divided by (-4 + 12)/(m/(-8))?
13
Suppose 10*k = 7*k + 231. Let a = -75 + 113. What is the remainder when k is divided by a + (-4)/(-20)*5?
38
Let g = -1463 - -2697. Calculate the remainder when g is divided by 19.
18
Let q(o) = 86*o**2 - 5*o + 4. What is the remainder when q(3) is divided by (-34)/((-3 - 5)/4)?
15
Let p be (-22)/18 - 30/(-135). Let q(k) = -47*k**3 + 2*k. What is the remainder when q(-1) is divided by 4/p + (-81)/(-3)?
22
Suppose -4*x = 3*n - 318, 194*n - 192*n + 3*x - 212 = 0. What is the remainder when 466 is divided by n?
42
Suppose -12 = -4*w + 7*w. Let m be -5*(-39)/45 + w/(-6). Suppose m*t = 10, 4*u - t - 247 = 7. Calculate the remainder when u is divided by 13.
12
Suppose -v - 1 = -5, -4*i + v + 80 = 0. Let n(u) = u**2 - 18*u - 50. What is the remainder when 116 is divided by n(i)?
12
Suppose -5*x - 3*f + 338 = 0, x + 0*f - f - 74 = 0. Let u = x + -46. What is the remainder when u is divided by 6?
0
Let k(t) = 4*t**3 - 11*t**2 - 22*t + 100. Let g(z) = -z**3 + z + 36. What is the remainder when k(5) is divided by g(0)?
35
Suppose 11*v - 2484 = -16*v. Let w = 38 + 50. Calculate the remainder when w is divided by 1*(-2)/(-8)*v.
19
Let s be (15/10)/(1/4*3). Suppose -2*c + s*d = 84, -3*d + 132 = -3*c - 2*d. Let h = c + 53. What is the remainder when 13 is divided by h?
5
Let w be 2/7 + (-1144)/(-14). Suppose w = 2*x - 4*z, -x - 4*z + 17 = -0*x. Suppose 27*a + 24*a = -152*a + 3451. What is the remainder when x is divided by a?
16
Suppose -42 = 424*r - 427*r. Suppose -r*l - 5*l = -190. Let c = -63 + 111. Calculate the remainder when c is divided by l.
8
Let f(q) = q**3 + 28*q**2 - 25*q - 44. Let t be f(-25). Suppose t = 18*c + 170. Calculate the remainder when c is divided by 12.
7
Suppose 1318 = 30*c - c - 1959. What is the remainder when 419 is divided by c?
80
Suppose 5*p - j - 2764 = 0, -j - j - 1112 = -2*p. Suppose 7*u - 50 - p = 0. What is the remainder when u is divided by 26 - -1 - (3 - (-3 - -3))?
14
Let j(a) = 20*a + 10. Let d be j(-8). Let n(s) = s**3 + 41*s**2 + 109*s - 152. Calculate the remainder when (d/(-9))/((-4)/(-18)) is divided by n(-38).
37
Let p(x) = 9*x - 88. Let l be p(10). What is the remainder when ((-380)/133)/(l/(-28)) is divided by 6?
4
Suppose 230*s - 4346 = 189*s. Calculate the remainder when s is divided by 17.
4
Suppose -2*d + 65*d = 819. Calculate the remainder when 414 is divided by d.
11
Let f(g) = 71*g + 15. Let k be f(2). Calculate the remainder when -2 - (16/(-8) - k) is divided by 32.
29
Calculate the remainder when 153 is divided by (-229)/(-458)*(0 - 24/(-9))*3.
1
Let u(t) = -2*t**2 - 4. Let b be u(2). Let i be 85/(-10)*b/(-2). Let a = i - -54. What is the remainder when 30 is divided by a?
0
Let f be (-1)/((0 - 1)/1). Let y(d) = 316*d - 60913. What is the remainder when y(193) is divided by f*4*117/12?
36
Let y(w) = -w**3 - 3*w**2 + 6*w - 14. Let i be y(-5). What is the remainder when 880/24 + 2/i is divided by 35?
2
Let n(w) = -w**3 + 13*w**2 - 36*w - 15. Let r be n(7). Let v(o) = o**3 - 28*o**2 + 31*o - 32. Calculate the remainder when v(r) is divided by 21.
13
Suppose -92 = -3*x - 181 + 101. What is the remainder when 829 is divided by x?
1
Suppose 5*q = 32*s - 30*s - 374, -3*s + 4*q + 554 = 0. Calculate the remainder when s is divided by 51.
29
Let s(w) = 2*w + 30. Let v be 3 + (-14)/6 + (-12)/18. Suppose 5*d - 5*x + 15 = 0, 2*d - 5*d - 3*x - 39 = v. What is the remainder when 67 is divided by s(d)?
11
Let g = -5475 + 5538. What is the remainder when g is divided by (-78)/(-9)*(-6)/(-4)?
11
Suppose -16*v = 4301 - 11738 - 8547. Calculate the remainder when v is divided by 35.
19
Let n(d) = 4*d**2 + 338*d + 172. What is the remainder when 7 is divided by n(-84)?
3
Let m = 209 - 206. Suppose 3*x = 3*w, -31*w + 33*w + m*x = 10. What is the remainder when 39 is divided by w?
1
Suppose -5*u + 5*h = -10500, 4*h - 9949 = -4*u - 1573. What is the remainder when u is divided by 25?
22
Let w be (4/6)/((-6)/(-9)). Calculate the remainder when (w - 6/3)*-67 is divided by (-10556)/(-312) + 28/24.
32
Suppose 3*g - 898 = -5*p, -3*g - 376 = -1233*p + 1231*p. Calculate the remainder when 1816 is divided by p.
178
Suppose -8*h + 227 = -717. Let r = h - 98. What is the remainder when 139 is divided by r?
19
Suppose 19066 = 26*h - 13122. Suppose -h = 12*a - 8606. What is the remainder when a is divided by 22?
20
Suppose -3*r - 6 = 0, 2*s + 8*r - 58 = 10*r. What is the remainder when 127 is divided by s?
19
Let d(g) = g**3 - g**2 - 6*g + 11. Let n be 62/(-22) - 36/198. Calculate the remainder when 1/((-3)/(-315)) - n is divided by d(3).
9
Let b(q) = -21*q - 23. Calculate the remainder when 55 - (-13 + 13 - -4*1) is divided by b(-2).
13
Let c(s) = -s**2 - 13*s - 15. Let l be c(-12). Let j = 65 + l. Let v = -60 + j. What is the remainder when 3 is divided by v?
1
Suppose -44*u = -59*u + 5055. Let k = u + -328. Calculate the remainder when 40 is divided by k.
4
Suppose 23*u + 4 = 24*u. Suppose u*s = -r + 73, 2*s = -r + s + 88. Calculate the remainder when r is divided by 11.
5
Suppose -10*p + 5*p + h = 8, 0 = 2*p - 5*h - 6. Let x(u) = 2*u**2 - 3*u. Calculate the remainder when 54 is divided by x(p).
12
Let p(c) = c**2 - c - 20. Let b be p(0). Let i = b + 0. What is the remainder when -111*i/30*1/2 is divided by 8?
5
Let j(t) = t**2. Let s(n) = -n**2 - n + 28. Suppose 11 + 14 = 5*k. Let v be s(k). What is the remainder when j(v) is divided by 2?
0
Let m(s) = -27*s - 4. Let t = 23198 - 23158. Calculate the remainder when m(-6) is divided by t.
38
Let s be (-2 - -2)/(5 + -6). Suppose s = -13*i + 35 + 69. Calculate the remainder when 294 is divided by i.
6
Suppose 28*x + 95 = -45. What is the remainder when ((-27)/x)/(16/160) is divided by 39?
15
Suppose -2*w = 49 - 137. Let j(y) = -y**2 - 35*y + 701. Calculate the remainder when w is divided by j(-49).
14
Suppose 0 = -0*t + 2*t + 3*w - 156, -3*t = w - 227. Suppose 47*v = 23*v - 34*v + 12818. What is the remainder when v is divided by t?
71
Suppose -5*h = -204 - 506. What is the remainder when 705 is divided by h?
137
Let j(o) = -6*o + 2. Let h be j(-7). Let x = 1263 + -1299. Let d = x + h. What is the remainder when 12 is divided by d?
4
Let k = 5 - 5. Let q be (k - -5)/(-4 - -5). Suppose -q*o + 24 = -1. What is the remainder when 13 is divided by o?
3
Suppose 5*z + 4*v = 6*v + 1775, -v = -4*z + 1423. What is the remainder when z is divided by 80?
37
Let k = 21 - 7. Let j(y) = -49*y + 1147. Calculate the remainder when j(20) is divided by k.
13
Let q(r) = 396*r**3 - 4*r**2 - 32*r + 37. Calculate the remainder when 1365 is divided by q(1).
174
Let u(v) = 337*v - 68. Let l be u(-2). Let x = -253 - l. What is the remainder when x is divided by 29?
25
What is the remainder when 2502 is divided by (4/(-9))/(239/(-4302))?
6
Suppose -160*d - 38181 = -173*d. What is the remainder when d is divided by 113?
112
Suppose -5*z = -20, -5*z + 201 = -q + 56. Let l = q - -111. Let w(c) = -c**3 - 12*c**2 + 21*c - 5. What is the remainder when w(l) is divided by 24?
21
Let b = 206 + -87. Suppose b = 5*y + 19. What is the remainder when 54 is divided by y?
14
Let r(v) = v**2 - 86*v - 693. What is the remainder when r(100) is divided by 4?
3
Let h = 51 - 17. What is the remainder when (((-2)/(-14))/1)/(191/270074) is divided by h?
32
Suppose -116*x = -163*x + 64578. Calculate the remainder when x is divided by 27.
24
Suppose 0 = -52*c - 119327